{"id":55,"date":"2012-09-01T13:16:02","date_gmt":"2012-09-01T11:16:02","guid":{"rendered":"http:\/\/www.glaireuse.be\/?page_id=55"},"modified":"2021-08-02T20:21:59","modified_gmt":"2021-08-02T18:21:59","slug":"galleries-photos","status":"publish","type":"page","link":"http:\/\/www.glaireuse.be\/?page_id=55","title":{"rendered":"Galleries photos"},"content":{"rendered":"<h3 style=\"text-align: center;\"><span style=\"color: #339966;\"><\/span><\/h3>\n<h3 style=\"text-align: center;\"><span style=\"color: #339966;\">Kermesse AOUT 2019<\/span><\/h3>\nVoici quelques photos de la kermesse 2019 :\n<h3 style=\"text-align: center;\"><span style=\"color: #339966;\"> <\/span><\/h3>\nSamedi durant toute la journ\u00e9e avait lieu la ballade moto : <a href=\"https:\/\/photos.app.goo.gl\/U6GWjXJA2aaQrxnz8\" target=\"_blank\" rel=\"noreferrer noopener\" aria-label=\"cliquez-ici (s\u2019ouvre dans un nouvel onglet)\">cliquez-ici<\/a><span style=\"color: #339966;\">&nbsp;<\/span>\n\nSamedi \u00e0 19h30 avait lieu l&rsquo;allure libre sur 5 et 10km. 55 sportifs y participaient : <a href=\"https:\/\/photos.app.goo.gl\/Tb5w89N6W3mKjq1Q6\" target=\"_blank\" rel=\"noreferrer noopener\" aria-label=\"cliquez-ici (s\u2019ouvre dans un nouvel onglet)\">cliquez-ici<\/a>\n<h3 style=\"text-align: center;\"><span style=\"color: #339966;\"> <\/span><\/h3>\nDimanche matin, pour la 24\u00e8me fois avait lieu les randonn\u00e9es VTT (15 &#8211; 25 &#8211; 35 &#8211; 45 &#8211; 55 et 65km) ainsi que des marches sur 5 et 10km. voici quelques photos au ravitaillement de Bonipr\u00e9 : <a href=\"https:\/\/photos.app.goo.gl\/vmgSaPVEaacRzSKy8\" target=\"_blank\" rel=\"noreferrer noopener\" aria-label=\"lien (s\u2019ouvre dans un nouvel onglet)\">lien<\/a>\n<h3 style=\"text-align: center;\"><span style=\"color: #339966;\">Kermesse AOUT 2018<\/span><\/h3>\nUne balade moto avait lieu la journ\u00e9e du samedi. Voir les photos <a href=\"https:\/\/photos.app.goo.gl\/J1NCKVmoPpaQSpyT9\" target=\"_blank\" rel=\"noopener noreferrer\">&lt;&lt;ici&gt;&gt;<\/a>\n\n<a href=\"https:\/\/photos.app.goo.gl\/J1NCKVmoPpaQSpyT9\" target=\"_blank\" rel=\"attachment wp-att-491 noopener noreferrer\"><img loading=\"lazy\" decoding=\"async\" class=\"aligncenter size-medium wp-image-491\" src=\"http:\/\/www.glaireuse.be\/wp-content\/uploads\/2018\/08\/IMG_8118-300x200.jpg\" alt=\"IMG_8118\" width=\"300\" height=\"200\" srcset=\"http:\/\/www.glaireuse.be\/wp-content\/uploads\/2018\/08\/IMG_8118-300x200.jpg 300w, http:\/\/www.glaireuse.be\/wp-content\/uploads\/2018\/08\/IMG_8118-150x100.jpg 150w, http:\/\/www.glaireuse.be\/wp-content\/uploads\/2018\/08\/IMG_8118-768x512.jpg 768w, http:\/\/www.glaireuse.be\/wp-content\/uploads\/2018\/08\/IMG_8118.jpg 1024w, http:\/\/www.glaireuse.be\/wp-content\/uploads\/2018\/08\/IMG_8118-225x150.jpg 225w\" sizes=\"auto, (max-width: 300px) 100vw, 300px\" \/><\/a>\n\nAllure Libre samedi 11 aout <a href=\"https:\/\/photos.app.goo.gl\/Gix6sMUbpZErgVJy9\" target=\"_blank\" rel=\"noopener noreferrer\">&lt;&lt;ici&gt;&gt;<\/a>\n\n<a href=\"https:\/\/photos.app.goo.gl\/Gix6sMUbpZErgVJy9\" target=\"_blank\" rel=\"attachment wp-att-489 noopener noreferrer\"><img loading=\"lazy\" decoding=\"async\" class=\"aligncenter wp-image-489 size-medium\" src=\"http:\/\/www.glaireuse.be\/wp-content\/uploads\/2018\/08\/IMG_8202-300x200.jpg\" alt=\"IMG_8202\" width=\"300\" height=\"200\" srcset=\"http:\/\/www.glaireuse.be\/wp-content\/uploads\/2018\/08\/IMG_8202-300x200.jpg 300w, http:\/\/www.glaireuse.be\/wp-content\/uploads\/2018\/08\/IMG_8202-150x100.jpg 150w, http:\/\/www.glaireuse.be\/wp-content\/uploads\/2018\/08\/IMG_8202-768x512.jpg 768w, http:\/\/www.glaireuse.be\/wp-content\/uploads\/2018\/08\/IMG_8202-225x150.jpg 225w, http:\/\/www.glaireuse.be\/wp-content\/uploads\/2018\/08\/IMG_8202.jpg 800w\" sizes=\"auto, (max-width: 300px) 100vw, 300px\" \/><\/a>\n\nConcert de Pilgrims samedi 11 aout <a href=\"https:\/\/photos.app.goo.gl\/ECyJkYjiQgEfmF7M6\" target=\"_blank\" rel=\"noopener noreferrer\">&lt;&lt;ici&gt;&gt;<\/a>\n\n<a href=\"https:\/\/photos.app.goo.gl\/ECyJkYjiQgEfmF7M6\" target=\"_blank\" rel=\"attachment wp-att-472 noopener noreferrer\"><img loading=\"lazy\" decoding=\"async\" class=\"aligncenter wp-image-472 size-medium\" src=\"http:\/\/www.glaireuse.be\/wp-content\/uploads\/2018\/08\/IMG_0686-e1534278363618-225x300.jpg\" alt=\"IMG_0686\" width=\"225\" height=\"300\" srcset=\"http:\/\/www.glaireuse.be\/wp-content\/uploads\/2018\/08\/IMG_0686-e1534278363618-225x300.jpg 225w, http:\/\/www.glaireuse.be\/wp-content\/uploads\/2018\/08\/IMG_0686-e1534278363618-113x150.jpg 113w, http:\/\/www.glaireuse.be\/wp-content\/uploads\/2018\/08\/IMG_0686-e1534278363618.jpg 480w\" sizes=\"auto, (max-width: 225px) 100vw, 225px\" \/><\/a>\n\nLe dimanche matin, inscription VTT et Brocante &#8230; <a href=\"https:\/\/photos.app.goo.gl\/U9U4mqqkZnyatFeo7\" target=\"_blank\" rel=\"noopener noreferrer\">&lt;cliquez ici&gt;<\/a>\n\n<a href=\"https:\/\/photos.app.goo.gl\/U9U4mqqkZnyatFeo7\" target=\"_blank\" rel=\"attachment wp-att-487 noopener noreferrer\"><img loading=\"lazy\" decoding=\"async\" class=\"aligncenter wp-image-487 size-medium\" src=\"http:\/\/www.glaireuse.be\/wp-content\/uploads\/2018\/08\/IMG_8285-300x200.jpg\" alt=\"IMG_8285\" width=\"300\" height=\"200\" srcset=\"http:\/\/www.glaireuse.be\/wp-content\/uploads\/2018\/08\/IMG_8285-300x200.jpg 300w, http:\/\/www.glaireuse.be\/wp-content\/uploads\/2018\/08\/IMG_8285-150x100.jpg 150w, http:\/\/www.glaireuse.be\/wp-content\/uploads\/2018\/08\/IMG_8285-768x512.jpg 768w, http:\/\/www.glaireuse.be\/wp-content\/uploads\/2018\/08\/IMG_8285.jpg 1024w, http:\/\/www.glaireuse.be\/wp-content\/uploads\/2018\/08\/IMG_8285-225x150.jpg 225w\" sizes=\"auto, (max-width: 300px) 100vw, 300px\" \/><\/a>\n\nLe&nbsp; VTT et la marche du dimanche cette ann\u00e9e a connu une belle affluence avec 640 participants au total.\n\nVoici quelques photos du ravitaillement de Transinne&nbsp;&nbsp; <a href=\"https:\/\/photos.app.goo.gl\/V3pEwJ3X5FtGzGGH9\" target=\"_blank\" rel=\"noopener noreferrer\">&lt;&lt;lien&gt;&gt;<\/a>\n\n<a href=\"https:\/\/photos.app.goo.gl\/V3pEwJ3X5FtGzGGH9\" target=\"_blank\" rel=\"attachment wp-att-468 noopener noreferrer\"><img loading=\"lazy\" decoding=\"async\" class=\"aligncenter wp-image-468 size-medium\" src=\"http:\/\/www.glaireuse.be\/wp-content\/uploads\/2018\/08\/DSC_0415-300x200.jpg\" alt=\"DSC_0415\" width=\"300\" height=\"200\" srcset=\"http:\/\/www.glaireuse.be\/wp-content\/uploads\/2018\/08\/DSC_0415-300x200.jpg 300w, http:\/\/www.glaireuse.be\/wp-content\/uploads\/2018\/08\/DSC_0415-150x100.jpg 150w, http:\/\/www.glaireuse.be\/wp-content\/uploads\/2018\/08\/DSC_0415-768x512.jpg 768w, http:\/\/www.glaireuse.be\/wp-content\/uploads\/2018\/08\/DSC_0415-1024x683.jpg 1024w, http:\/\/www.glaireuse.be\/wp-content\/uploads\/2018\/08\/DSC_0415-225x150.jpg 225w\" sizes=\"auto, (max-width: 300px) 100vw, 300px\" \/><\/a>Le ravitaillement sur le parcours la marche&nbsp; <a href=\"https:\/\/photos.app.goo.gl\/hTQwvAuDQyNQoFQUA\" target=\"_blank\" rel=\"noopener noreferrer\">&lt;&lt;lien&gt;&gt;<\/a>\n\n<a href=\"https:\/\/photos.app.goo.gl\/hTQwvAuDQyNQoFQUA\" target=\"_blank\" rel=\"attachment wp-att-471 noopener noreferrer\"><img loading=\"lazy\" decoding=\"async\" class=\"aligncenter wp-image-471 size-medium\" src=\"http:\/\/www.glaireuse.be\/wp-content\/uploads\/2018\/08\/IMG_0738-300x225.jpg\" alt=\"IMG_0738\" width=\"300\" height=\"225\" srcset=\"http:\/\/www.glaireuse.be\/wp-content\/uploads\/2018\/08\/IMG_0738-300x225.jpg 300w, http:\/\/www.glaireuse.be\/wp-content\/uploads\/2018\/08\/IMG_0738-150x113.jpg 150w, http:\/\/www.glaireuse.be\/wp-content\/uploads\/2018\/08\/IMG_0738-200x150.jpg 200w, http:\/\/www.glaireuse.be\/wp-content\/uploads\/2018\/08\/IMG_0738.jpg 640w\" sizes=\"auto, (max-width: 300px) 100vw, 300px\" \/><\/a>\n\n<hr>\n\n<h3 style=\"text-align: center;\"><span style=\"color: #339966;\">Kermesse AOUT 2017<\/span><\/h3>\n<ul>\n \t<li>Le d\u00e9part et le repas de midi de la balade moto du samedi 12\/08\/17 : suivre <a href=\"https:\/\/goo.gl\/photos\/HfHTg1JkFrZhdz786\" target=\"_blank\" rel=\"noopener noreferrer\">ce lien<\/a><\/li>\n<\/ul>\n<a href=\"https:\/\/goo.gl\/photos\/HfHTg1JkFrZhdz786\" target=\"_blank\" rel=\"attachment noopener wp-att-401 noreferrer\"><img loading=\"lazy\" decoding=\"async\" class=\"aligncenter wp-image-401\" src=\"http:\/\/www.glaireuse.be\/wp-content\/uploads\/2017\/08\/DSCN2944_475DSCN2944-300x225.jpg\" alt=\"DSCN2944_475DSCN2944\" width=\"450\" height=\"338\" srcset=\"http:\/\/www.glaireuse.be\/wp-content\/uploads\/2017\/08\/DSCN2944_475DSCN2944-300x225.jpg 300w, http:\/\/www.glaireuse.be\/wp-content\/uploads\/2017\/08\/DSCN2944_475DSCN2944-150x113.jpg 150w, http:\/\/www.glaireuse.be\/wp-content\/uploads\/2017\/08\/DSCN2944_475DSCN2944-768x576.jpg 768w, http:\/\/www.glaireuse.be\/wp-content\/uploads\/2017\/08\/DSCN2944_475DSCN2944-1024x768.jpg 1024w, http:\/\/www.glaireuse.be\/wp-content\/uploads\/2017\/08\/DSCN2944_475DSCN2944-200x150.jpg 200w, http:\/\/www.glaireuse.be\/wp-content\/uploads\/2017\/08\/DSCN2944_475DSCN2944.jpg 1365w\" sizes=\"auto, (max-width: 450px) 100vw, 450px\" \/><\/a>\n<ul>\n \t<li>L&rsquo;allure libre de samedi \u00e0 19h00, encore bravo \u00e0 tous les participants. <a href=\"https:\/\/goo.gl\/photos\/Pj5vvYtv2C4EPdFeA\" target=\"_blank\" rel=\"noopener noreferrer\">Album photos<\/a><\/li>\n<\/ul>\n<a href=\"https:\/\/goo.gl\/photos\/Pj5vvYtv2C4EPdFeA\" target=\"_blank\" rel=\"attachment noopener wp-att-404 noreferrer\"><img loading=\"lazy\" decoding=\"async\" class=\"aligncenter wp-image-404\" src=\"http:\/\/www.glaireuse.be\/wp-content\/uploads\/2017\/08\/IMG_6289_371IMG_6289-1024x683.jpg\" alt=\"IMG_6289_371IMG_6289\" width=\"450\" height=\"300\" srcset=\"http:\/\/www.glaireuse.be\/wp-content\/uploads\/2017\/08\/IMG_6289_371IMG_6289-1024x683.jpg 1024w, http:\/\/www.glaireuse.be\/wp-content\/uploads\/2017\/08\/IMG_6289_371IMG_6289-150x100.jpg 150w, http:\/\/www.glaireuse.be\/wp-content\/uploads\/2017\/08\/IMG_6289_371IMG_6289-300x200.jpg 300w, http:\/\/www.glaireuse.be\/wp-content\/uploads\/2017\/08\/IMG_6289_371IMG_6289-768x512.jpg 768w, http:\/\/www.glaireuse.be\/wp-content\/uploads\/2017\/08\/IMG_6289_371IMG_6289-225x150.jpg 225w, http:\/\/www.glaireuse.be\/wp-content\/uploads\/2017\/08\/IMG_6289_371IMG_6289.jpg 1365w\" sizes=\"auto, (max-width: 450px) 100vw, 450px\" \/><\/a>\n<ul>\n \t<li>Le VTT du dimanche :<\/li>\n<\/ul>\n<p style=\"padding-left: 60px;\">Vous \u00e9tiez pr\u00e8s de 400 v\u00e9t\u00e9tistes et pr\u00e8s de 100 marcheurs pour cette \u00e9ditions. Merci pour votre soutient et vos commentaires sur les circuits propos\u00e9s.<\/p>\n<p style=\"padding-left: 90px;\">Voici les photos prises sur le ravitaillement \u00e0 Transinne <a href=\"https:\/\/goo.gl\/photos\/8hRuwhtSArzpaUA88\" target=\"_blank\" rel=\"noopener noreferrer\">ici<\/a><\/p>\n<p style=\"padding-left: 90px;\"><a href=\"https:\/\/goo.gl\/photos\/8hRuwhtSArzpaUA88\" target=\"_blank\" rel=\"attachment noopener wp-att-407 noreferrer\"><img loading=\"lazy\" decoding=\"async\" class=\"aligncenter wp-image-407\" src=\"http:\/\/www.glaireuse.be\/wp-content\/uploads\/2017\/08\/DSC_0065-1024x683.jpg\" alt=\"DSC_0065\" width=\"450\" height=\"300\" srcset=\"http:\/\/www.glaireuse.be\/wp-content\/uploads\/2017\/08\/DSC_0065-1024x683.jpg 1024w, http:\/\/www.glaireuse.be\/wp-content\/uploads\/2017\/08\/DSC_0065-150x100.jpg 150w, http:\/\/www.glaireuse.be\/wp-content\/uploads\/2017\/08\/DSC_0065-300x200.jpg 300w, http:\/\/www.glaireuse.be\/wp-content\/uploads\/2017\/08\/DSC_0065-768x512.jpg 768w, http:\/\/www.glaireuse.be\/wp-content\/uploads\/2017\/08\/DSC_0065-225x150.jpg 225w\" sizes=\"auto, (max-width: 450px) 100vw, 450px\" \/><\/a><\/p>\nD&rsquo;autres photos seront ajout\u00e9es tr\u00e8s rapidement. n&rsquo;h\u00e9sitez pas venir revoir cette pages dans les prochains jours.\n\n<hr>\n\nLes photos de cette \u00e9dition de 2016 :\n<ul>\n \t<li>Quelques photos de l&rsquo;allure libre du samedi 13 ao\u00fbt 2016\n<ul>\n \t<li>Au d\u00e9part et \u00e0 l&rsquo;arriv\u00e9e <a href=\"https:\/\/goo.gl\/photos\/GywmgGEq9pWSDDpM7\" target=\"_blank\" rel=\"noopener noreferrer\">&lt;Lien&gt;<\/a><\/li>\n \t<li>Sur le circuit commun pour les parcours de 5 et 10km <a href=\"https:\/\/goo.gl\/photos\/Q61V7nLZWQqxag3T9\" target=\"_blank\" rel=\"noopener noreferrer\">&lt;Lien&gt;<\/a><\/li>\n \t<li>Sur le circuit exclusif 10 km <a href=\"https:\/\/goo.gl\/photos\/7H3WhmKiKamNwV67A\" target=\"_blank\" rel=\"noopener noreferrer\">&lt;Lien&gt;<\/a><\/li>\n<\/ul>\n<\/li>\n \t<li>Les participants \u00e0 la randonn\u00e9e VTT du dimanche 14 ao\u00fbt au ravitaillement situ\u00e9 dans le bois \u00e0 Anloy\n<ul>\n \t<li><a href=\"https:\/\/goo.gl\/photos\/mJdPqpoSAtMvrXjR8\" target=\"_blank\" rel=\"noopener noreferrer\">Partie 1<\/a><\/li>\n \t<li><a href=\"https:\/\/goo.gl\/photos\/o5PdJnMt8SGr15H96\" target=\"_blank\" rel=\"noopener noreferrer\">Partie 2<\/a><\/li>\n<\/ul>\n<\/li>\n<\/ul>\nVoici les photos de la randonn\u00e9e VTT du dimanche 10 ao\u00fbt 2015 \u00e0 Glaireuse \u00e0 l&rsquo;occasion de la kermesse du village\n\n<hr>\n\n<a href=\"https:\/\/goo.gl\/photos\/LHqztNMeTLSY4hF5A\" target=\"_blank\" rel=\"noopener noreferrer\">Galerie photo 2015<\/a>\n\n<hr>\n\n<h3>Les photos des soir\u00e9es du vendredi 10 et samedi 11 ao\u00fbt 2012 &#8211; cliquez <a title=\"photos soir\u00e9es 2012\" href=\"http:\/\/www.facebook.com\/media\/set\/?set=a.458083454213478.101099.187866604568499&amp;type=1\" target=\"_blank\" rel=\"noopener noreferrer\">ici<\/a> &#8211; grand merci \u00e0 Awak photo et Greg de Move In Club<\/h3>\n<h3>&nbsp;<\/h3>\n<h3>Des photos prises sur le parcours de la randonn\u00e9e VTT et marche &#8211; <a title=\"Photos VTT 2012\" href=\"http:\/\/www.glaireuse.be\/?page_id=92\">ici<\/a> &#8211; On salue Joss le photographe de service<\/h3>\n<h3>&nbsp;<\/h3>\n<h3>En bonus, voici un <a title=\"Vid\u00e9o VTT 2012\" href=\"http:\/\/www.glaireuse.be\/?page_id=69\">lien <\/a>vers une vid\u00e9o du circuit VTT du dimanche 12 ao\u00fbt 2012 r\u00e9alis\u00e9e par le <a title=\"VTT Overijse\" href=\"http:\/\/www.mtboverijse.be\/\" target=\"_blank\" rel=\"noopener noreferrer\">Club de VTT de Overijse<\/a> &#8211; Merci \u00e0 Wim pour ce super boulot qui va peut-\u00eatre en d\u00e9cider plus d&rsquo;un \u00e0 se lever de bonne heure le dimanche matin en 2013 &#8230;<\/h3>","protected":false},"excerpt":{"rendered":"<p>Kermesse AOUT 2019<br \/>\nVoici quelques photos de la kermesse 2019 :<\/p>\n<p>Samedi durant toute la journ\u00e9e avait lieu la ballade moto : cliquez-ici&nbsp;<\/p>\n<p>Samedi \u00e0 19h30 avait lieu l&rsquo;allure libre sur 5 et 10km. 55 sportifs y participaient : cliquez-ici<\/p>\n<p>Dimanche matin, pour la 24\u00e8me fois avait lieu les randonn\u00e9es VTT (15 \u2026 <a class=\"continue-reading-link\" href=\"http:\/\/www.glaireuse.be\/?page_id=55\"> Continue reading <span class=\"meta-nav\">&rarr; <\/span><\/a><\/p>\n","protected":false},"author":1,"featured_media":0,"parent":0,"menu_order":0,"comment_status":"open","ping_status":"open","template":"","meta":{"_monsterinsights_skip_tracking":false,"_monsterinsights_sitenote_active":false,"_monsterinsights_sitenote_note":"","_monsterinsights_sitenote_category":0,"ngg_post_thumbnail":0,"footnotes":""},"class_list":["post-55","page","type-page","status-publish","hentry"],"yoast_head":"<!-- This site is optimized with the Yoast SEO plugin v19.4 - https:\/\/yoast.com\/wordpress\/plugins\/seo\/ -->\n<title>Galleries photos - Club des Jeunes de Glaireuse<\/title>\n<meta name=\"robots\" content=\"index, follow, max-snippet:-1, max-image-preview:large, max-video-preview:-1\" \/>\n<link rel=\"canonical\" href=\"http:\/\/www.glaireuse.be\/?page_id=55\" \/>\n<meta property=\"og:locale\" content=\"fr_FR\" \/>\n<meta property=\"og:type\" content=\"article\" \/>\n<meta property=\"og:title\" content=\"Galleries photos - Club des Jeunes de Glaireuse\" \/>\n<meta property=\"og:description\" content=\"Kermesse AOUT 2019 Voici quelques photos de la kermesse 2019 :  Samedi durant toute la journ\u00e9e avait lieu la ballade moto : cliquez-ici&nbsp; Samedi \u00e0 19h30 avait lieu l&rsquo;allure libre sur 5 et 10km. 55 sportifs y participaient : cliquez-ici  Dimanche matin, pour la 24\u00e8me fois avait lieu les randonn\u00e9es VTT (15 \u2026 Continue reading &rarr;\" \/>\n<meta property=\"og:url\" content=\"http:\/\/www.glaireuse.be\/?page_id=55\" \/>\n<meta property=\"og:site_name\" content=\"Club des Jeunes de Glaireuse\" \/>\n<meta property=\"article:modified_time\" content=\"2021-08-02T18:21:59+00:00\" \/>\n<meta property=\"og:image\" content=\"http:\/\/www.glaireuse.be\/wp-content\/uploads\/2018\/08\/IMG_8118-300x200.jpg\" \/>\n<meta name=\"twitter:card\" content=\"summary_large_image\" \/>\n<meta name=\"twitter:label1\" content=\"Dur\u00e9e de lecture estim\u00e9e\" \/>\n\t<meta name=\"twitter:data1\" content=\"2 minutes\" \/>\n<script type=\"application\/ld+json\" class=\"yoast-schema-graph\">{\"@context\":\"https:\/\/schema.org\",\"@graph\":[{\"@type\":\"Organization\",\"@id\":\"http:\/\/www.glaireuse.be\/#organization\",\"name\":\"Club des Jeunes de Glaireuse\",\"url\":\"http:\/\/www.glaireuse.be\/\",\"sameAs\":[],\"logo\":{\"@type\":\"ImageObject\",\"inLanguage\":\"fr-FR\",\"@id\":\"http:\/\/www.glaireuse.be\/#\/schema\/logo\/image\/\",\"url\":\"http:\/\/www.glaireuse.be\/wp-content\/uploads\/2022\/07\/Vache.bmp\",\"contentUrl\":\"http:\/\/www.glaireuse.be\/wp-content\/uploads\/2022\/07\/Vache.bmp\",\"width\":307,\"height\":422,\"caption\":\"Club des Jeunes de Glaireuse\"},\"image\":{\"@id\":\"http:\/\/www.glaireuse.be\/#\/schema\/logo\/image\/\"}},{\"@type\":\"WebSite\",\"@id\":\"http:\/\/www.glaireuse.be\/#website\",\"url\":\"http:\/\/www.glaireuse.be\/\",\"name\":\"Club des Jeunes de Glaireuse\",\"description\":\"Tous \u00e0 Glaireuse le 2e WE d&#039;ao\u00fbt\",\"publisher\":{\"@id\":\"http:\/\/www.glaireuse.be\/#organization\"},\"potentialAction\":[{\"@type\":\"SearchAction\",\"target\":{\"@type\":\"EntryPoint\",\"urlTemplate\":\"http:\/\/www.glaireuse.be\/?s={search_term_string}\"},\"query-input\":\"required name=search_term_string\"}],\"inLanguage\":\"fr-FR\"},{\"@type\":\"WebPage\",\"@id\":\"http:\/\/www.glaireuse.be\/?page_id=55\",\"url\":\"http:\/\/www.glaireuse.be\/?page_id=55\",\"name\":\"Galleries photos - Club des Jeunes de Glaireuse\",\"isPartOf\":{\"@id\":\"http:\/\/www.glaireuse.be\/#website\"},\"datePublished\":\"2012-09-01T11:16:02+00:00\",\"dateModified\":\"2021-08-02T18:21:59+00:00\",\"breadcrumb\":{\"@id\":\"http:\/\/www.glaireuse.be\/?page_id=55#breadcrumb\"},\"inLanguage\":\"fr-FR\",\"potentialAction\":[{\"@type\":\"ReadAction\",\"target\":[\"http:\/\/www.glaireuse.be\/?page_id=55\"]}]},{\"@type\":\"BreadcrumbList\",\"@id\":\"http:\/\/www.glaireuse.be\/?page_id=55#breadcrumb\",\"itemListElement\":[{\"@type\":\"ListItem\",\"position\":1,\"name\":\"Accueil\",\"item\":\"http:\/\/www.glaireuse.be\/\"},{\"@type\":\"ListItem\",\"position\":2,\"name\":\"Galleries photos\"}]}]}<\/script>\n<!-- \/ Yoast SEO plugin. -->","yoast_head_json":{"title":"Galleries photos - Club des Jeunes de Glaireuse","robots":{"index":"index","follow":"follow","max-snippet":"max-snippet:-1","max-image-preview":"max-image-preview:large","max-video-preview":"max-video-preview:-1"},"canonical":"http:\/\/www.glaireuse.be\/?page_id=55","og_locale":"fr_FR","og_type":"article","og_title":"Galleries photos - Club des Jeunes de Glaireuse","og_description":"Kermesse AOUT 2019 Voici quelques photos de la kermesse 2019 :  Samedi durant toute la journ\u00e9e avait lieu la ballade moto : cliquez-ici&nbsp; Samedi \u00e0 19h30 avait lieu l&rsquo;allure libre sur 5 et 10km. 55 sportifs y participaient : cliquez-ici  Dimanche matin, pour la 24\u00e8me fois avait lieu les randonn\u00e9es VTT (15 \u2026 Continue reading &rarr;","og_url":"http:\/\/www.glaireuse.be\/?page_id=55","og_site_name":"Club des Jeunes de Glaireuse","article_modified_time":"2021-08-02T18:21:59+00:00","og_image":[{"url":"http:\/\/www.glaireuse.be\/wp-content\/uploads\/2018\/08\/IMG_8118-300x200.jpg"}],"twitter_card":"summary_large_image","twitter_misc":{"Dur\u00e9e de lecture estim\u00e9e":"2 minutes"},"schema":{"@context":"https:\/\/schema.org","@graph":[{"@type":"Organization","@id":"http:\/\/www.glaireuse.be\/#organization","name":"Club des Jeunes de Glaireuse","url":"http:\/\/www.glaireuse.be\/","sameAs":[],"logo":{"@type":"ImageObject","inLanguage":"fr-FR","@id":"http:\/\/www.glaireuse.be\/#\/schema\/logo\/image\/","url":"http:\/\/www.glaireuse.be\/wp-content\/uploads\/2022\/07\/Vache.bmp","contentUrl":"http:\/\/www.glaireuse.be\/wp-content\/uploads\/2022\/07\/Vache.bmp","width":307,"height":422,"caption":"Club des Jeunes de Glaireuse"},"image":{"@id":"http:\/\/www.glaireuse.be\/#\/schema\/logo\/image\/"}},{"@type":"WebSite","@id":"http:\/\/www.glaireuse.be\/#website","url":"http:\/\/www.glaireuse.be\/","name":"Club des Jeunes de Glaireuse","description":"Tous \u00e0 Glaireuse le 2e WE d&#039;ao\u00fbt","publisher":{"@id":"http:\/\/www.glaireuse.be\/#organization"},"potentialAction":[{"@type":"SearchAction","target":{"@type":"EntryPoint","urlTemplate":"http:\/\/www.glaireuse.be\/?s={search_term_string}"},"query-input":"required name=search_term_string"}],"inLanguage":"fr-FR"},{"@type":"WebPage","@id":"http:\/\/www.glaireuse.be\/?page_id=55","url":"http:\/\/www.glaireuse.be\/?page_id=55","name":"Galleries photos - Club des Jeunes de Glaireuse","isPartOf":{"@id":"http:\/\/www.glaireuse.be\/#website"},"datePublished":"2012-09-01T11:16:02+00:00","dateModified":"2021-08-02T18:21:59+00:00","breadcrumb":{"@id":"http:\/\/www.glaireuse.be\/?page_id=55#breadcrumb"},"inLanguage":"fr-FR","potentialAction":[{"@type":"ReadAction","target":["http:\/\/www.glaireuse.be\/?page_id=55"]}]},{"@type":"BreadcrumbList","@id":"http:\/\/www.glaireuse.be\/?page_id=55#breadcrumb","itemListElement":[{"@type":"ListItem","position":1,"name":"Accueil","item":"http:\/\/www.glaireuse.be\/"},{"@type":"ListItem","position":2,"name":"Galleries photos"}]}]}},"_links":{"self":[{"href":"http:\/\/www.glaireuse.be\/index.php?rest_route=\/wp\/v2\/pages\/55","targetHints":{"allow":["GET"]}}],"collection":[{"href":"http:\/\/www.glaireuse.be\/index.php?rest_route=\/wp\/v2\/pages"}],"about":[{"href":"http:\/\/www.glaireuse.be\/index.php?rest_route=\/wp\/v2\/types\/page"}],"author":[{"embeddable":true,"href":"http:\/\/www.glaireuse.be\/index.php?rest_route=\/wp\/v2\/users\/1"}],"replies":[{"embeddable":true,"href":"http:\/\/www.glaireuse.be\/index.php?rest_route=%2Fwp%2Fv2%2Fcomments&post=55"}],"version-history":[{"count":20,"href":"http:\/\/www.glaireuse.be\/index.php?rest_route=\/wp\/v2\/pages\/55\/revisions"}],"predecessor-version":[{"id":556,"href":"http:\/\/www.glaireuse.be\/index.php?rest_route=\/wp\/v2\/pages\/55\/revisions\/556"}],"wp:attachment":[{"href":"http:\/\/www.glaireuse.be\/index.php?rest_route=%2Fwp%2Fv2%2Fmedia&parent=55"}],"curies":[{"name":"wp","href":"https:\/\/api.w.org\/{rel}","templated":true}]}}